ed by 14.
10
Calculate the remainder when 4519 is divided by 916.
855
Calculate the remainder when 38883 is divided by 220.
163
What is the remainder when 37341 is divided by 499?
415
Calculate the remainder when 443001 is divided by 147657.
30
What is the remainder when 10418 is divided by 3175?
893
Calculate the remainder when 791 is divided by 691.
100
Calculate the remainder when 3895 is divided by 783.
763
Calculate the remainder when 155135 is divided by 335.
30
Calculate the remainder when 11057 is divided by 41.
28
Calculate the remainder when 26405 is divided by 6596.
21
Calculate the remainder when 8458 is divided by 209.
98
Calculate the remainder when 101689 is divided by 112.
105
Calculate the remainder when 9936 is divided by 4744.
448
What is the remainder when 88942 is divided by 16?
14
What is the remainder when 11955 is divided by 3979?
18
Calculate the remainder when 2564 is divided by 86.
70
Calculate the remainder when 687 is divided by 98.
1
What is the remainder when 106573 is divided by 435?
433
What is the remainder when 19840 is divided by 9911?
18
Calculate the remainder when 2981 is divided by 6.
5
What is the remainder when 308173 is divided by 412?
409
What is the remainder when 25658 is divided by 1969?
61
Calculate the remainder when 93876 is divided by 266.
244
Calculate the remainder when 9052 is divided by 69.
13
What is the remainder when 15526 is divided by 235?
16
Calculate the remainder when 10372 is divided by 10366.
6
What is the remainder when 40284 is divided by 30?
24
Calculate the remainder when 177175 is divided by 322.
75
Calculate the remainder when 1542 is divided by 1509.
33
What is the remainder when 26426 is divided by 30?
26
What is the remainder when 1764 is divided by 419?
88
What is the remainder when 14760 is divided by 984?
0
What is the remainder when 65419 is divided by 14?
11
Calculate the remainder when 8777 is divided by 4184.
409
Calculate the remainder when 17502 is divided by 85.
77
Calculate the remainder when 207826 is divided by 50.
26
What is the remainder when 8080 is divided by 4029?
22
Calculate the remainder when 4958 is divided by 36.
26
Calculate the remainder when 29683 is divided by 2693.
60
Calculate the remainder when 1521410 is divided by 103.
100
What is the remainder when 7988 is divided by 1994?
12
Calculate the remainder when 1324 is divided by 418.
70
Calculate the remainder when 6898 is divided by 42.
10
What is the remainder when 14306 is divided by 3573?
14
Calculate the remainder when 18688 is divided by 14.
12
What is the remainder when 44716 is divided by 70?
56
What is the remainder when 15630 is divided by 675?
105
Calculate the remainder when 1131156 is divided by 10.
6
What is the remainder when 12680 is divided by 551?
7
What is the remainder when 85137 is divided by 55?
52
What is the remainder when 2102 is divided by 213?
185
Calculate the remainder when 4640 is divided by 1852.
936
What is the remainder when 3296 is divided by 182?
20
What is the remainder when 2391 is divided by 37?
23
Calculate the remainder when 7492 is divided by 214.
2
Calculate the remainder when 13285 is divided by 2654.
15
What is the remainder when 219523 is divided by 757?
750
Calculate the remainder when 2535 is divided by 623.
43
What is the remainder when 23227 is divided by 230?
227
Calculate the remainder when 46233 is divided by 20.
13
What is the remainder when 395134 is divided by 230?
224
What is the remainder when 12559 is divided by 341?
283
What is the remainder when 6793 is divided by 151?
149
Calculate the remainder when 2185 is divided by 711.
52
Calculate the remainder when 629 is divided by 75.
29
Calculate the remainder when 66175 is divided by 2757.
7
What is the remainder when 125529 is divided by 31379?
13
Calculate the remainder when 87395 is divided by 1231.
1225
What is the remainder when 38613 is divided by 130?
3
What is the remainder when 3501 is divided by 16?
13
What is the remainder when 4600 is divided by 1034?
464
Calculate the remainder when 136115 is divided by 100.
15
What is the remainder when 3454 is divided by 192?
190
Calculate the remainder when 112510 is divided by 557.
553
What is the remainder when 9412 is divided by 852?
40
Calculate the remainder when 1846 is divided by 71.
0
What is the remainder when 87561 is divided by 1122?
45
What is the remainder when 13538 is divided by 258?
122
Calculate the remainder when 12580 is divided by 2306.
1050
What is the remainder when 210672 is divided by 481?
475
What is the remainder when 2108962 is divided by 286?
284
What is the remainder when 89521 is divided by 6886?
3
What is the remainder when 1973090 is divided by 919?
916
What is the remainder when 19174 is divided by 9581?
12
What is the remainder when 9968 is divided by 4983?
2
What is the remainder when 828079 is divided by 23?
10
What is the remainder when 32887 is divided by 115?
112
Calculate the remainder when 48496 is divided by 703.
692
What is the remainder when 248245 is divided by 182?
179
Calculate the remainder when 108667 is divided by 9878.
9
Calculate the remainder when 5487 is divided by 187.
64
Calculate the remainder when 17319 is divided by 642.
627
What is the remainder when 53527 is divided by 390?
97
Calculate the remainder when 44305 is divided by 382.
375
What is the remainder when 1146 is divided by 427?
292
What is the remainder when 4644 is divided by 4424?
220
Calculate the remainder when 26226 is divided by 125.
101
Calculate the remainder when 2193 is divided by 2190.
3
Calculate the remainder when 13252 is divided by 117.
31
What is the remainder when 935945 is divided by 52?
49
Calculate the remainder when 198725 is divided by 70.
65
What is the remainder when 1226367 is divided by 10?
7
Calculate the remainder when 5645 is divided by 720.
605
Calculate the remainder when 3018 is divided by 603.
3
What is the remainder when 30131 is divided by 279?
278
What is the remainder when 229329 is divided by 170?
169
What is the remainder when 5667 is divided by 5662?
5
Calculate the remainder when 53037 is divided by 65.
62
Calculate the remainder when 11368 is divided by 114.
82
What is the remainder when 873174 is divided by 436583?
8
What is the remainder when 1294 is divided by 428?
10
What is the remainder when 86322 is divided by 66?
60
Calculate the remainder when 141002 is divided by 70490.
22
Calculate the remainder when 10348 is divided by 574.
16
What is the remainder when 58697 is divided by 877?
815
Calculate the remainder when 30675 is divided by 186.
171
Calculate the remainder when 22235 is divided by 1585.
45
Calculate the remainder when 936 is divided by 83.
23
What is the remainder when 129279 is divided by 24?
15
Calculate the remainder when 6122 is divided by 111.
17
What is the remainder when 15202 is divided by 102?
4
Calculate the remainder when 85353 is divided by 17066.
23
Calculate the remainder when 45328 is divided by 6459.
115
What is the remainder when 841179 is divided by 103?
81
Calculate the remainder when 63794 is divided by 31895.
4
Calculate the remainder when 103551 is divided by 12935.
71
What is the remainder when 850 is divided by 424?
2
What is the remainder when 387106 is divided by 321?
301
What is the remainder when 90090 is divided by 704?
682
What is the remainder when 4330 is divided by 488?
426
What is the remainder when 18776 is divided by 67?
16
Calculate the remainder when 222439 is divided by 11.
8
What is the remainder when 295276 is divided by 255?
241
What is the remainder when 196769 is divided by 19675?
19
What is the remainder when 6892 is divided by 215?
12
Calculate the remainder when 16170 is divided by 49.
0
Calculate the remainder when 293533 is divided by 64.
29
What is the remainder when 40329 is divided by 8061?
24
Calculate the remainder when 73596 is divided by 2838.
2646
Calculate the remainder when 535 is divided by 19.
3
What is the remainder when 42407 is divided by 228?
227
What is the remainder when 3138684 is divided by 434?
430
What is the remainder when 209278 is divided by 324?
298
What is the remainder when 553 is divided by 162?
67
What is the remainder when 21855 is divided by 98?
1
What is the remainder when 27884 is